98837232.
2, 3329, 84463
What are the prime factors of 264587596?
2, 7, 13, 41, 17729
List the prime factors of 1366994118.
2, 3, 7, 653, 49843
List the prime factors of 2013636.
2, 3, 31, 5413
List the prime factors of 935596460.
2, 5, 46779823
List the prime factors of 1255097464.
2, 4783, 32801
What are the prime factors of 23870417?
257, 293, 317
What are the prime factors of 57493750?
2, 5, 9199
List the prime factors of 4033689986.
2, 2016844993
What are the prime factors of 866079112?
2, 823, 131543
What are the prime factors of 779214011?
5021, 155191
What are the prime factors of 362810357?
7, 13, 107, 5323
What are the prime factors of 538273056?
2, 3, 103, 54437
What are the prime factors of 1616270124?
2, 3, 7, 2789, 6899
What are the prime factors of 1381993673?
1381993673
List the prime factors of 74177232.
2, 3, 311, 4969
What are the prime factors of 29062634?
2, 14531317
List the prime factors of 67315048.
2, 8414381
List the prime factors of 111373295.
5, 11, 1237, 1637
What are the prime factors of 954835838?
2, 11, 17, 37, 69001
List the prime factors of 103336872.
2, 3, 4305703
What are the prime factors of 3933470230?
2, 5, 393347023
List the prime factors of 4264543000.
2, 5, 4264543
List the prime factors of 44770576.
2, 2798161
What are the prime factors of 470541791?
29, 53, 389, 787
What are the prime factors of 336140684?
2, 11, 1201, 6361
What are the prime factors of 200541500?
2, 5, 79, 5077
What are the prime factors of 95550824?
2, 29, 139, 2963
List the prime factors of 239236579.
31, 101, 109, 701
What are the prime factors of 35563095?
3, 5, 790291
List the prime factors of 1846660400.
2, 5, 13, 355127
List the prime factors of 97412892.
2, 3, 661, 12281
List the prime factors of 2430855540.
2, 3, 5, 13504753
List the prime factors of 795744950.
2, 5, 7, 11, 13, 1223
What are the prime factors of 9224688?
2, 3, 11, 17471
What are the prime factors of 149222484?
2, 3, 4145069
What are the prime factors of 291089992?
2, 53, 181, 3793
What are the prime factors of 187157457?
3, 43, 483611
List the prime factors of 72397621.
619, 116959
List the prime factors of 701468753.
73, 367, 26183
List the prime factors of 19525887.
3, 723181
List the prime factors of 599080991.
769, 779039
List the prime factors of 4236747.
3, 43, 32843
List the prime factors of 144055408.
2, 7, 1286209
List the prime factors of 503023079.
13, 4021, 9623
List the prime factors of 3167930685.
3, 5, 211195379
List the prime factors of 62823057.
3, 11, 353, 5393
What are the prime factors of 379627488?
2, 3, 31, 101, 421
List the prime factors of 42852178.
2, 1699, 12611
List the prime factors of 1395383964.
2, 3, 13, 23, 388903
List the prime factors of 1910483879.
89, 241, 89071
List the prime factors of 208969953.
3, 89, 782659
List the prime factors of 22207917.
3, 349, 21211
What are the prime factors of 2224920410?
2, 5, 23, 83, 116549
List the prime factors of 654081457.
29, 2503, 9011
List the prime factors of 5529752475.
3, 5, 13, 491, 11551
List the prime factors of 1581832545.
3, 5, 3673, 28711
List the prime factors of 3478030241.
7, 70980209
What are the prime factors of 283926101?
19, 67, 223037
What are the prime factors of 10701208?
2, 7, 27299
What are the prime factors of 106714982?
2, 11, 19, 23209
What are the prime factors of 101398573?
19, 1021, 5227
What are the prime factors of 227539050?
2, 3, 5, 17, 89231
What are the prime factors of 651319169?
651319169
List the prime factors of 28212772.
2, 7, 1007599
List the prime factors of 1959515155.
5, 13, 71, 424597
List the prime factors of 253487149.
253487149
List the prime factors of 833949607.
29, 619, 46457
List the prime factors of 255135495.
3, 5, 757, 22469
List the prime factors of 2679590581.
15791, 169691
List the prime factors of 2643563138.
2, 17, 19, 281, 14563
List the prime factors of 23267870.
2, 5, 79, 29453
List the prime factors of 60343038.
2, 3, 7, 478913
What are the prime factors of 155696021?
13, 107, 173, 647
List the prime factors of 41703485.
5, 23, 137, 2647
List the prime factors of 86304606.
2, 3, 14384101
What are the prime factors of 260611088?
2, 17, 41, 23369
List the prime factors of 110801019.
3, 7, 17, 149, 2083
What are the prime factors of 321434107?
157, 2047351
List the prime factors of 3915897507.
3, 3061, 47381
List the prime factors of 284503083.
3, 433, 219017
List the prime factors of 6501585386.
2, 487, 1213, 5503
What are the prime factors of 2455108719?
3, 7, 116909939
List the prime factors of 700985261.
53, 199, 66463
List the prime factors of 213201968.
2, 7, 29, 41, 1601
What are the prime factors of 88859437?
79, 1124803
List the prime factors of 52843754.
2, 26421877
What are the prime factors of 7660147?
11, 29, 37, 59
What are the prime factors of 43795617?
3, 14598539
What are the prime factors of 1108618807?
17, 31, 73, 28817
What are the prime factors of 46442900?
2, 5, 7, 66347
List the prime factors of 579039189.
3, 397, 486179
What are the prime factors of 9095979?
3, 1487, 2039
What are the prime factors of 457438895?
5, 29, 1409, 2239
List the prime factors of 7979742.
2, 3, 147773
What are the prime factors of 75964872?
2, 3, 3165203
List the prime factors of 43026531.
3, 43, 333539
List the prime factors of 1749296160.
2, 3, 5, 41, 29629
List the prime factors of 322792566.
2, 3, 17, 101, 31333
What are the prime factors of 8639861?
43, 200927
List the prime factors of 64642675.
5, 2585707
What are the prime factors of 654565177?
7, 29, 460637
What are the prime factors of 816281979?
3, 17, 16005529
List the prime factors of 3862176400.
2, 5, 281, 34361
What are the prime factors of 33604864?
2, 149, 881
What are the prime factors of 78702290?
2, 5, 7870229
What are the prime factors of 227406704?
2, 7, 23, 43, 2053
What are the prime factors of 2716184100?
2, 3, 5, 7, 1293421
What are the prime factors of 100735879?
29, 821, 4231
List the prime factors of 58636521.
3, 29, 74887
List the prime factors of 44150540.
2, 5, 7, 315361
List the prime factors of 488907366.
2, 3, 23, 641, 5527
List the prime factors of 161782649.
7, 23111807
List the prime factors of 27810495.
3, 5, 37, 16703
What are the prime factors of 538444707?
3, 179481569
What are the prime factors of 43477084?
2, 7, 23, 67511
What are the prime factors of 101931739?
7, 13, 223, 5023
What are the prime factors of 22337122?
2, 19, 37, 15887
What are the prime factors of 2742862281?
3, 37, 67, 397, 929
List the prime factors of 309406687.
47, 6583121
What are the prime factors of 5530981477?
7, 112877173
List the prime factors of 831125200.
2, 5, 2077813
What are the prime factors of 27318443?
179, 152617
List the prime factors of 892334605.
5, 1087, 164183
What are the prime factors of 282843243?
3, 31427027
List the prime factors of 117620109.
3, 13068901
List the prime factors of 971181239.
7, 71, 1954087
What are the prime factors of 679047833?
679047833
What are the prime factors of 101454754?
2, 31, 1636367
List the prime factors of 964019.
7, 17, 8101
List the prime factors of 417399018.
2, 3, 69566503
What are the prime factors of 63777338?
2, 19, 53, 31667
List the prime factors of 527142565.
5, 105428513
What are the prime factors of 84083347?
84083347
List the prime factors of 2114581986.
2, 3, 11, 10679707
What are the prime factors of 117073709?
117073709
What are the prime factors of 532177012?
2, 223, 596611
What are the prime factors of 1727136531?
3, 191904059
What are the prime factors of 4569687075?
3, 5, 60929161
What are the prime factors of 3294858?
2, 3, 7, 1601
What are the prime factors of 3045256878?
2, 3, 41, 12379093
List the prime factors of 34559189.
7, 4937027
List the prime factors of 41585866.
2, 7, 797, 3727
List the prime factors of 546758740.
2, 5, 11, 677, 3671
List the prime factors of 27867520.
2, 5, 43543
What are the prime factors of 319778399?
319778399
What are the prime factors of 131027781?
3, 19, 631, 3643
List the prime factors of 30606030.
2, 3, 5, 7, 13, 37, 101
List the prime factors of 490293516.
2, 3, 40857793
List the prime factors of 326047315.
5, 11, 19, 312007
What are the prime factors of 807234720?
2, 3, 5, 29, 57991
List the prime factors of 9138005.
5, 1039, 1759
What are the 